- -3695. What is the hundreds digit of f?
1
Suppose 2*d - 370 - 142 = 0. What is the hundreds digit of d?
2
Let h = 88 - -179. What is the hundreds digit of h?
2
Let x(f) = -87*f - 260. Let z be x(-3). Let t = -7 - -4. What is the tens digit of 1 + z - 45/t?
1
Suppose a - 5*a + 64 = 0. Let v = -8 + a. Let z(d) = -d**2 + 6*d + 17. What is the units digit of z(v)?
1
Let o = -44 - -30. Let z = 107 + o. Suppose -z = -0*j - 3*j. What is the units digit of j?
1
Let t(h) be the first derivative of -h**4/2 + 6*h**3 - 5*h**2/2 + 12*h - 8. What is the hundreds digit of t(8)?
1
Suppose 194312 = 131*i - 232355. What is the tens digit of i?
5
Suppose -16768 = -4*d + 4*z, 2*z = -5*d - 0*z + 20932. What is the hundreds digit of d?
1
Let t(j) = j**3 - 2*j**2 - 10*j - 8. Let m be (1/(6/2))/((-15)/(-270)). What is the tens digit of t(m)?
7
Suppose -5*z - 37 = 8. Let g be (12/z)/(1/(-42)). What is the units digit of (160/g)/(2/7)?
0
Let s(j) = -j**2 - 17*j - 1. Let x be s(-7). Let q = x - 35. Suppose f = c + 14, 2*f - 6*c + 2*c = q. What is the tens digit of f?
1
Suppose 19206 = -14*m + 36*m. What is the hundreds digit of m?
8
Suppose 0 = -s + 4*s - 381. What is the units digit of s?
7
Suppose -3*t + 12 = t. Let h(m) = 10*m + 19 + 6*m**2 - 16*m**2 + m**t - 21. What is the units digit of h(9)?
7
Let c(b) = -42*b - 2. Suppose -28 = -0*j + 7*j. What is the tens digit of c(j)?
6
Suppose 0 = -2*o + 3 - 11. Let t be 101 - 12/(-16)*o. Suppose -2*z + t = -0*z. What is the units digit of z?
9
Suppose -26*b + 17208 = -2*b. What is the units digit of b?
7
Let g = -73 + 45. Let d be g/(1*(2 + -3)). Let r = 4 + d. What is the units digit of r?
2
Let x = -1004 + 1852. What is the hundreds digit of x?
8
Let b be 11 - (1 - 1 - 0). Suppose 0 = -s + b - 9. Suppose 35 = 7*f - s*f. What is the units digit of f?
7
Let z(v) = v**3 - 6*v**2 - 12*v + 5. Let t = 17 + 0. Let l = t - 9. What is the units digit of z(l)?
7
Suppose 4*q + 1006 - 186 = b, 0 = -3*b - q + 2395. What is the tens digit of b?
0
Let h(n) = -279*n. Let j be h(-1). Suppose -3*w = 3*o - 207, 4*o + 3*w = 2*w + j. What is the tens digit of o?
7
Suppose 4*k - 5304 = -j, -2*k + j + 3295 = 643. What is the units digit of k?
6
Suppose -3652 = -16*t + 10828. What is the units digit of t?
5
Let o(g) = g**2 - 3*g - 15. Let r be o(9). Suppose 399 - r = 4*a. Suppose 5*q - 105 - a = 0. What is the tens digit of q?
3
Let u(t) = -3*t**3 - t - 1. Let z be u(-1). What is the units digit of 16/z*(-9)/(-2)?
4
Suppose -6*h = -8*h + 6, -h + 3407 = 4*p. What is the hundreds digit of p?
8
Suppose 2*g = -3*g. Let f(x) = x + 15. Let j be f(g). What is the units digit of (-3)/j + 61/5?
2
Let t = 19 + -9. Let v(u) = 16 - t + 4*u - 10. What is the units digit of v(8)?
8
Let l(p) = p**2 - 9*p + 8. Let u be l(10). Suppose 2*s - u = 12. What is the tens digit of 10/s*261/6?
2
Suppose 356 = 2*f - o, -35*f + 32*f = -4*o - 524. What is the tens digit of f?
8
Let j(p) = 5*p**2 - p + 1. Let m be j(1). Suppose m*w - 160 = -5*a, 4*w - 19 = a - 46. Suppose a = -0*i + i. What is the units digit of i?
1
Let f(n) be the second derivative of -n**5/20 - n**4/12 + 5*n**3/3 + n**2/2 - 14*n. What is the units digit of f(-4)?
9
Let a(b) = -b**3 - 8*b**2 - 16*b - 1. Let v be a(-5). Suppose 6*y + 243 = 5*r + 4*y, -v*y = 2*r - 102. What is the units digit of r?
9
Suppose 5*l = 2*l - 162. Suppose 8*i - 4*i = -4*u - 5452, 0 = -3*i - 3. What is the units digit of 2/(-9) + u/l?
5
Let r = -3667 - -5980. What is the hundreds digit of r?
3
Let y be 12/(-18)*(-3 + 0). Let r(s) = -7*s**2 + 11*s + 3. Let z(p) = -3*p**2 + 5*p + 1. Let v(w) = y*r(w) - 5*z(w). What is the units digit of v(5)?
1
Let c(t) = t**3 + 4*t**2 + 2*t - 1. Let h be c(3). Suppose -3*s + 5*n = -441, 0*n = -4*n - 12. Suppose 0 = -6*v + s + h. What is the units digit of v?
5
Let t(b) = -b + 11. Let f be t(-5). Let h(o) = 5*o + 47. What is the units digit of h(f)?
7
Suppose 3*z - 4*d = -23 + 4, -3*z = -3*d + 15. Let t = z + 5. Suppose 30 = t*u - 2. What is the units digit of u?
8
Let z(h) = 5*h**2 - 31*h - 1. What is the tens digit of z(-9)?
8
Let q = -111 + 887. What is the tens digit of q?
7
Let b = 9321 + -5140. What is the thousands digit of b?
4
Suppose 32 = 5*u - 68. Let n be (3/6)/(5/u). Suppose 12 = -x + p + 38, 0 = 5*x - n*p - 133. What is the units digit of x?
7
Suppose -2*j + 36 = -8*j. Let a = 17 + 1. Let u = j + a. What is the tens digit of u?
1
Let o = 9 + -11. Let u(n) = 26*n**2 + n. Let k be u(o). Let b = k + -72. What is the units digit of b?
0
Let n = -1027 + 1750. What is the units digit of n?
3
Suppose 7*y - 3*y - 44 = 0. Suppose -y*i + 6*i + 360 = 0. Suppose 2*u = 6*u - i. What is the tens digit of u?
1
What is the tens digit of 113484/140 + (-2)/(-5)?
1
Let d(f) = f**3 + 10*f**2 - 12*f - 19. What is the hundreds digit of d(-9)?
1
Let d(z) = z**2 - 15. Let s be d(-5). Suppose -s*k + 9*k = -116. What is the tens digit of k?
1
Let t(m) = m**3 - 9*m**2 - 9*m - 7. Let w be t(10). Suppose 0*p + 6 = -3*p + w*v, 0 = -5*p - 4*v + 35. Suppose -s = p*s - 196. What is the tens digit of s?
4
What is the hundreds digit of (258 - 6)/9*30?
8
Let m be ((-6)/(-4))/(9/(-24)). What is the tens digit of 66 - 6*m/(-6)?
6
Let w be -3 - (-2 - 1) - -17. Let p = -13 + w. Suppose 3*v = -2*r + 73, -2*r + p*r - 27 = -v. What is the tens digit of v?
2
Suppose 0 = 2*a + 18. Let g = a + 37. What is the tens digit of g?
2
Let m(p) = p**3 + 30*p**2 - 33*p - 16. What is the thousands digit of m(-12)?
2
Let z(t) = 11*t**2 + 17*t - 443. What is the hundreds digit of z(13)?
6
Suppose w - 1611 = -4*c, -4*c + w = -0*w - 1605. What is the hundreds digit of c?
4
Let q = -243 - -449. Suppose -3*n + 29 = -2*l + q, -4*l = 3*n - 345. What is the units digit of l?
7
Let i(m) = 34*m**3 - m**2 + 10*m - 8. What is the units digit of i(3)?
1
Let p(t) = 75*t**3 + t. Let h be p(1). Let r = h + -23. What is the tens digit of r?
5
Let v be (-10)/(-45) - 29/9. Let q(j) be the second derivative of -j**3/3 + 5*j**2/2 - 8*j. What is the tens digit of q(v)?
1
Let f = 29 - 25. Let s(o) = 5*o**2 - 5*o + 4. What is the units digit of s(f)?
4
Let v(h) = h**2 - 28*h + 20. What is the units digit of v(29)?
9
What is the units digit of 111 + (-7 - -2) - (3 + -4)?
7
Let i(j) be the third derivative of 4*j**2 - 1/6*j**3 + 0 - 1/60*j**5 + 0*j + 1/4*j**4. What is the units digit of i(4)?
7
Let j(x) = x**3 + 13*x**2 + 7*x - 10. Let y be j(-12). Let z = y + -30. What is the units digit of z?
0
Let r(p) = 42*p**2 - p. Let g(q) = 2*q - 6. Let b be g(2). What is the hundreds digit of r(b)?
1
Let o(h) = 3*h + 38. Let g be o(-4). Suppose 3*t - 5 = -2*t. Let b = g - t. What is the tens digit of b?
2
Let k = 600 + 39. What is the tens digit of k?
3
Let r = 2593 + -1601. What is the tens digit of r?
9
Suppose -23*d = -19*d - 176. Let s = 3 - 7. Let t = d + s. What is the units digit of t?
0
Let o(q) = 5*q**3 - 4*q**2 - q - 17. What is the units digit of o(5)?
3
What is the tens digit of (-25)/((-7)/(-546)*-2)?
7
Let l = 1030 - -94. What is the hundreds digit of l?
1
Let j(f) = 4*f - 3*f + 5 - 5*f + f**2 - f. Let t be j(5). Suppose z - 44 = t. What is the units digit of z?
9
Let b = -33 - -16. Let o = b - -29. Suppose -13*z + o*z + 30 = 0. What is the tens digit of z?
3
Suppose -a = 1, 4*a + 310 = 7*w - 4*w. What is the units digit of w?
2
Let l(n) = -n**2 + 9*n - 5. Let i be l(4). Suppose i*q + 256 = 19*q. What is the tens digit of q?
6
Suppose 31 + 20 = k. Let h = 189 - k. What is the units digit of h?
8
What is the hundreds digit of 2/1*(-10)/(-20) + 361?
3
What is the units digit of -4 + 5026/10 + 3/(-5)?
8
Let s = -13 + 15. Let q(z) = 31*z + 0 + 6 - 42*z - z**s. What is the tens digit of q(-9)?
2
Suppose -g = 0, 5*x = 3*x - 5*g + 2004. What is the tens digit of x?
0
Let b be 1/(-3) - ((-2345)/15 - 1). Suppose 2*r + 13 = b. What is the tens digit of r?
7
Let t(d) = -19*d**2 + d. Let o be t(1). Let b = o + 36. What is the tens digit of b?
1
Let y = -15 + 21. What is the tens digit of 8/12 + 236/y?
4
Suppose -3 = -4*p - 3*v, -6*v - 3 = 2*p - 3*v. Suppose -1284 = -t - p*t. What is the tens digit of t?
2
Suppose 5*x = -4*k - 4, -x = -k + 2 - 12. Let j(f) = -5*f**2 - 2*f - 8. Let g be j(-6). What is the tens digit of (g/4)/(4/k)?
6
Suppose -855 = -4*s + 3*o, 5*s = 5*